*x + 18. Let z(w) = 2*g(w) + 11*p(w). Calculate z(-5).
-3
Let v = 93 - 95. Let j(g) = 2*g**3 + 6*g**2 + 5*g - 4. Give j(v).
-6
Let s(u) = -u - 22. Let b(n) = n**3 + 5*n**2 - n - 27. Let y be b(-3). Give s(y).
-16
Let x(h) = -5*h**2 + 2*h + 1. Let i(f) = 14*f**2 - 7*f - 4. Let w(t) = 2*i(t) + 7*x(t). Suppose 7*v + 100 = 3*v. Let y be 2/7 - v/35. Determine w(y).
-8
Let g(n) be the third derivative of -n**4/24 - 13*n**3/6 - 37*n**2 - 8. Determine g(-4).
-9
Let c = 463 + -455. Let y(q) be the first derivative of q**3/3 - 4*q**2 - 5*q + 4. What is y(c)?
-5
Let r(i) = 24*i - 10. Let z(k) = 21*k - 9. Let w(b) = -5*r(b) + 6*z(b). What is w(3)?
14
Suppose 0 = 13*a - 10*a - 12. Let s(y) = -6 - 8*y**2 + 3*y**2 - y**3 - 8*y - 2 - a*y**2. Give s(-8).
-8
Let l(t) = t**2 - 3*t - 3. Let q(a) = -44*a + 2*a**2 + 90*a + 10 - 33*a. Let j be q(-6). What is l(j)?
1
Let n(o) = -24877*o + 1 + 24877*o - 5*o**2 + o**3. Give n(5).
1
Let v(u) be the third derivative of -u**4/24 + u**2. Let a(c) = c**3 + 10*c**2 - 3*c - 24. Let r be a(-10). Calculate v(r).
-6
Let d = 51 - 48. Let a(x) = -d + 4*x**2 + 6 + 3*x - 5*x**2. Determine a(4).
-1
Let l = -100 + 103. Let o(i) be the first derivative of -i**3/3 - i**2 - 2*i + 1. Determine o(l).
-17
Let n(d) = -2*d - 1. Let j be n(-1). Let w(g) be the third derivative of -g**5/10 - g**4/12 + g**3/6 - 3*g**2 - 8*g. Calculate w(j).
-7
Let z(g) = 4*g**3 + 21*g**2 - 22*g + 11. Let p(f) = f**3 + f**2 - f - 2. Let h(i) = 5*p(i) - z(i). Determine h(15).
9
Let u = 0 - -2. Let g(h) = -2*h + 0 + u + 2*h + 4*h. Calculate g(-4).
-14
Let q = 7 - 13. Let y(f) be the third derivative of -f**6/120 - 7*f**5/60 - 5*f**4/24 + 7*f**3/6 - 26*f**2 + f. What is y(q)?
1
Let q(v) be the second derivative of -v**4/4 + v**3/3 + v**2 + 2088*v. Suppose l + 4 = -l. Calculate q(l).
-14
Let i(f) = f - 5. Suppose -3*q - 4*q + 14 = 0. Let d(w) = -w**3 - 4*w**2 + 5*w + 3. Let m be d(-5). Suppose -3*g + 8 + 8 = q*j, -4*g - 7 = -m*j. What is i(j)?
0
Suppose 0 = -3*r + b - 3, -r - 5*b = 3 - 2. Let x(k) = -9*k**3 - 2*k**2 + 1. Determine x(r).
8
Let h(w) = -w**2 - 3*w + 4. Suppose -18 = t - 14. Let c be h(t). Let r(j) = -1 - 3 - 4 - j. Calculate r(c).
-8
Let o(c) = -5*c**2 - 7 - 21*c**2 + 25*c**2 + 8*c. Give o(6).
5
Let r be 1 + 10 - (2 - 1). Suppose k - 3*m + m + 4 = 0, 0 = 4*k + 5*m - r. Let n(t) = -t**3 + t**2 + 11. Calculate n(k).
11
Let c(n) = -n**2 + 11*n - 25. Suppose -19*k + 15*k + 15 = -z, 0 = 4*z - 3*k - 5. Give c(z).
5
Suppose -q + 4 = -1. Suppose n - q = 2. Let u(r) be the third derivative of -r**5/60 + 7*r**4/24 - 5*r**3/6 + r**2. Determine u(n).
-5
Let f be 3 + 1/(-2)*-4. Suppose 0 = 2*d + 16 - 42. Let q(t) = d - t - 23 + 2*t + 0*t. Give q(f).
-5
Let x(l) = 6*l**3 + 6*l**2 + 2*l + 1. Let u(g) = -6*g**3 - 5*g**2 - 2*g - 1. Let s(i) = 5*u(i) + 4*x(i). Suppose 3 = -5*h + 2*h. What is s(h)?
6
Let i(c) = c**3 - 13*c**2 + 28*c - 28. Let j(a) = a - 2. Let d(m) = i(m) - 4*j(m). Determine d(11).
2
Let s(b) = b - 3. Suppose 4 = -4*f, 3*k - 6*f + 5*f - 22 = 0. Let h(o) = o**3 - 7*o**2 - 4. Let y be h(k). Give s(y).
-7
Let w(m) = -m**3 - 6*m**2 + 3*m + 7. Let t(p) = 15 - 24 + 3*p - 18. Let f be t(7). What is w(f)?
-11
Let d be 3 + 15/(-5)*2. Let o = 2 + 2. Let w(k) = -5*k - 3 + o - 2 + 3*k. Determine w(d).
5
Let b(u) = -4*u**2 - 44*u + 76. Let j(t) = 2*t**2 + 22*t - 36. Let v(f) = -2*b(f) - 5*j(f). What is v(-12)?
4
Suppose 0 = 3*n - 8*n. Suppose n = -7*f - 16 - 5. Let g(k) = -2*k**2 + k + 4. What is g(f)?
-17
Let w(r) = -13*r - 25. Suppose -2*f - 3 + 5 = 0, 4*z = -4*f + 12. Let o(x) = 3*x + 6. Let q(a) = z*w(a) + 9*o(a). What is q(-6)?
-2
Let j(s) = -9*s + 162. Let h be j(19). Let a(g) = 2*g + 2. Give a(h).
-16
Let z(i) be the third derivative of i**4/24 + 7*i**3/6 - 700*i**2. What is z(-12)?
-5
Let q(s) = 3*s - 6. Let w be (3/(-6))/(4/(-24)). Suppose 3*m + g = 489, -g - 187 - 296 = -w*m. Let p be 6/(-15) - m/(-30). Calculate q(p).
9
Let n(u) be the second derivative of -u**8/6720 + u**7/840 + u**6/180 - u**5/60 - 17*u**4/12 - 40*u. Let q(r) be the third derivative of n(r). Calculate q(4).
-2
Let p(n) be the third derivative of -n**5/60 - n**4/3 - 4*n**3/3 - 7*n**2 + 7*n. Determine p(-9).
-17
Let g(w) = 4*w**3 + 2*w**2 - 2*w + 1. Let y be g(1). Let p(c) = -3*c - 2*c - 7 + c. Let b(l) = -2*l - 4. Let j(f) = y*b(f) - 3*p(f). What is j(4)?
9
Let o(m) = 2*m**2 - 6*m**3 - 7*m**3 - 3*m + 0*m**2 + 12*m**3 - 2. Suppose 5*q + 6 = 7*q. Give o(q).
-20
Let k = 97 - 81. Let y(j) = -32*j - 36*j + 69*j + k. Give y(0).
16
Let s(w) = 0 - 4 - w**2 - 8 - 11 - 12*w. Let c be s(-10). Let v(x) = 4*x. What is v(c)?
-12
Suppose -4*u = -5*u - 4*r + 13, 12 = 4*u - 4*r. Let c be (-4)/3*(-27)/18. Let m(j) = 7*j - 7. Let o(i) = 6*i - 7. Let s(v) = c*m(v) - 3*o(v). Give s(u).
-13
Let t(o) = 13*o - 1. Let x be t(1). Suppose -5*b - x + 2 = 0. Let c be (2 + 3 + b)*-1. Let f(h) = h**3 + 2*h**2 - 3*h + 3. What is f(c)?
3
Let z(k) = -3*k**3 + 9*k**2 - 2*k. Let x(o) = -2*o**3 + 8*o**2 - 3*o + 1. Let s(q) = 4*x(q) - 3*z(q). Let t = 101 + -107. What is s(t)?
4
Let k(y) = -2*y + 9 + 2*y - y. Let i be k(4). Let r(l) be the first derivative of l**3/3 - 3*l**2 + l - 3. What is r(i)?
-4
Let k be 4/(-3 - (-7 + 2)). Let m(u) be the first derivative of 2*u - 8*u + 3*u - u**k + 6 - u**2. Give m(-2).
5
Let t(g) = 2*g**2 - 19*g - 8. Let n be t(10). Let s(c) = -36*c + 2 - 3*c**n + 2*c**2 + 33*c. Determine s(-2).
4
Let c(o) = 2 + 3 - 7 + 5*o - 1. Let p(s) = -s**3 + 5*s**2 + 2. Let n be p(5). Determine c(n).
7
Let l(m) = -m**2 + m + 7. Let q(f) = -f - 3. Let p be q(-7). Suppose p*o + 17 = -7. Let v(k) = -k - 6. Let a be v(o). Calculate l(a).
7
Let q(i) = i**3 + i - 23. Let j = 795 - 795. Calculate q(j).
-23
Suppose -t + n = 4*t - 28, n + 3 = 0. Suppose -2*c = t + 5. Let k(l) = -17*l + 7. Let w(z) = -6*z + 2. Let s(o) = -3*k(o) + 8*w(o). Determine s(c).
-20
Let s be (-1)/(5/6)*-5. Suppose -8 = -3*r - 4*t, r = 3*t + 2*t - 10. Let z(p) = r*p**2 - 7*p + 0*p + 0*p + 8 + p**2. What is z(s)?
2
Let f = -49 + 47. Let p(o) be the second derivative of -o**5/120 - o**3/2 + o. Let v(u) be the second derivative of p(u). Calculate v(f).
2
Let n = 272 + -1087/4. Let m(a) be the first derivative of 4*a - 4/3*a**3 + 4 + a**2 + n*a**4. Give m(3).
1
Suppose -5*o - 12 = -o. Let a(y) = 4 + 3*y - 2 - 1. Give a(o).
-8
Suppose 2*w = -2*a + 56, -2*a = -0*w - 2*w + 44. Suppose 4*l = -l + w. Let f(b) = 6 + 4*b**2 + b**3 + 4*b - 1 - 10*b**2. Determine f(l).
0
Let m(t) = -5*t**2 + 18*t - 10. Suppose -4*v = 7 + 13. Let q(d) = 3*d**2 - 12*d + 7. Let r(i) = v*m(i) - 8*q(i). What is r(-6)?
-6
Suppose 7*b + 12 = 9*b. Suppose -b*k + 9 = -9. Let v(f) = -2*f**2 + 5*f - 3. Calculate v(k).
-6
Let t(x) = x**3 - 4*x**2 + 2. Suppose -3*c + 2*s + 4 + 1 = 0, -2*s + 25 = 3*c. Let g = -2 + c. Let m = g - -1. Calculate t(m).
2
Let k(l) = 17*l**2 - 21*l + 39. Let o(q) = 9*q**2 - 11*q + 21. Let u(j) = 6*k(j) - 11*o(j). Give u(3).
15
Let u(i) = i**3 - 10*i**2 + 11*i - 3. Let y(l) = -l**3 + 10*l**2 - 10*l + 2. Let q(n) = -3*u(n) - 4*y(n). Determine q(9).
-17
Let x(d) = -2*d**2 - 1. Let m = 2 - 5. Let w be (m + -3)*5/(-15). Determine x(w).
-9
Let g(n) = 2*n**3 - 3*n**2 - 4*n + 2. Let o be -2 + -4 + 2 - -7. What is g(o)?
17
Let z(a) = 6*a**2 - 2*a + 7. Let c(g) = -7*g**2 + g - 7. Let m(k) = -5*c(k) - 6*z(k). Let s = -10 + 16. What is m(s)?
-1
Let h be 2 + 6 + (-2 - -2). Suppose -4*v + 0*s = 3*s + 12, 2*s + 8 = 4*v. Let w(l) = -l + v*l + 6 + 2. What is w(h)?
0
Let b(w) = -2*w + 6. Let c = -64 + 69. Calculate b(c).
-4
Let s(b) = -2*b**2 - 2*b + b - 2*b**2 - b**3. Let u = -10 - -4. Let t(d) = -d**3 - 5*d**2 + 6*d - 3. Let x be t(u). Give s(x).
-6
Let c(h) = -h**2 - h - 10. Let a(y) = -29 - y + 16 + y**2 + 18 + 7*y. Suppose 6 = 2*v + 16. Let q be a(v). Determine c(q).
-10
Let p be -3 + -5*(2 + -3). Let q(s) = -1 - p + 4 + 4*s. Give q(-5).
-19
Let y(f) be the third derivative of -f**5/60 + f**4/24 - 19*f**3/6 + f**2 + 24. Calculate y(0).
-19
Suppose -34 + 40 = -t. Let c(u) = -u**3 - 5*u**2 + 5*u - 8. Determine c(t).
-2
Let p(i) = -3*i**3 - 5*i**2 - 9*i + 3. Let u = -1 - 3. Let g(f) = f**3 + f. Let x(l) = u*g(l) - p(l). Give x(6).
-9
Suppose -5*f + 23 - 37 = -v, 5*v = -4*f - 17. Let t(z) = -13*z. What is t(v)?
13
Let t(w) = w**3 + 15 - 2*w + 3*w**2 + 16 + 15 - 46. Calculate t(